 of q(4)?
5
Let j = 1686 + 13419. What is the thousands digit of j?
5
Let p(o) = -85*o - 269. Let a(n) = 84*n + 271. Let j(v) = -2*a(v) - 3*p(v). What is the thousands digit of j(12)?
1
Let a(z) = -2*z**3 + 21*z**2 + 34*z + 52. What is the tens digit of a(-19)?
0
Suppose 0 = -2*a - 5*n + 12924, 4*n - 12 = -4. What is the tens digit of a?
5
Suppose -3*h = 3*q - 78819, -2*h - 2*h = q - 26255. What is the ten thousands digit of q?
2
Let k(t) = -t**3 - 16*t**2 + 18*t + 19. Let y be k(-17). Suppose y*a = -10, 0 = -3*n - a + 6*a + 1645. What is the units digit of n?
0
Let q = 29881 - 16871. What is the hundreds digit of q?
0
Let y be (15/2 - 2) + (-5)/(-10). Suppose 6 = -y*i + 24. Suppose 0 = -i*w + 3*x + 405, -5*w - 3*x = -4*x - 691. What is the units digit of w?
9
Let c = -134 + 166. Let o = c + 45. What is the units digit of o?
7
Let i = 11163 - 9333. What is the hundreds digit of i?
8
Suppose 13*i - 11*i - 58 = 0. Suppose 0 = d - 4*t - t + i, d = -5*t + 21. What is the tens digit of (-1053)/(-12) - (-3)/d?
8
What is the hundreds digit of (1 + 1 + (-1287)/18)/(37/(-20054))?
6
Let q(m) = 3*m - 3 - 10*m - 3*m + 2 + 8*m + 168*m**2. Let b(u) = u**3 + 3*u**2 - 4*u + 1. Let d be b(-4). What is the units digit of q(d)?
5
Let z(o) = -o - 11. Let l be (-170)/12 - 1/(-6). Let r be z(l). Suppose 2*y = 5*h - 88 - 15, 0 = r*y - 3. What is the units digit of h?
1
Let w = -611 - -1403. Let c = w + -35. What is the units digit of c?
7
Let k(g) = -112*g + 97. Let r(p) = 57*p - 49. Let u(y) = 3*k(y) + 5*r(y). What is the hundreds digit of u(-3)?
1
Let m = 124 + -116. Let u(s) = 128*s + 288. What is the hundreds digit of u(m)?
3
Let r(d) = -2*d - 3*d + 5 + 15*d**2 - 4 + d - 22. What is the units digit of r(-6)?
3
Suppose -209*g + 227*g - 359838 = 0. What is the thousands digit of g?
9
Suppose -4*y + 40 = -5*i, 3*y - 15 = 4*y + 5*i. Suppose 4*m - y*b - 5 = 1144, 3*m - b = 848. What is the tens digit of m?
8
Suppose 0*f - 4*l = 3*f - 640, 5*f - 1057 = 3*l. Let n = 373 - f. What is the hundreds digit of n?
1
Let a(u) = u**3 - 19*u**2 - 118*u + 79. What is the units digit of a(27)?
5
Let j(r) = -r**2 + 15*r - 16. Let m be j(14). Let a be (-7 - -5) + (-1 - -6). What is the units digit of a/(-9)*(0 - -354)/m?
9
Suppose 237 = 12*b + 213. Let z(d) = 99*d**3 + 6*d**2 - 13*d + 12. What is the tens digit of z(b)?
0
Let b(i) be the first derivative of -i**4/4 - 20*i**3/3 + 4*i**2 + 42*i + 8. Let k be b(-20). What is the tens digit of (-3)/(4 - 7) - k?
1
What is the thousands digit of (-11)/((-308)/30752) - (108/(-14) + 8)?
1
Suppose 4*f + 0*f + 351 = 5*o, 4*f + 5*o = -321. Let y = f - -90. What is the units digit of (-1211)/(-42) - ((-7)/y - -1)?
9
Suppose -14*l + 482 = -12*l. Suppose -5*q = -5*c - l + 76, q = -c - 33. Let s = 56 + c. What is the tens digit of s?
2
What is the units digit of -12777*((5 - 0) + (-8 - 42/(-18)))?
8
Suppose -68 = -19*r + 27. Suppose 5*x + b - 3800 = 0, 3805 = 5*x - 3*b + r*b. What is the hundreds digit of x?
7
Let u = 19867 - 13417. What is the units digit of u?
0
Let m(w) = -28*w**3 - 2*w**2 + 7*w + 7. Let k(a) = -2*a**2 - 10*a + 9. Let h be k(-6). What is the tens digit of m(h)?
2
Suppose 0 = 5*j - 5, -3*g + 3557 = -4*j - 507. Let h be (-31)/(4495/(-116)) + -2 + 12/10. Suppose -g = -h*x - 6*x. What is the hundreds digit of x?
2
Suppose -3*z + 5*z - 6 = 0. What is the tens digit of 966/z - (9/3 + 2)?
1
Let w = -3 + 1. Let t(y) = 33*y - 13. Let a(f) = -28*f + 12. Let r(d) = 6*a(d) + 5*t(d). What is the tens digit of r(w)?
1
Let l(h) be the third derivative of h**6/120 + 3*h**5/10 + 7*h**4/24 - 4*h**3 + 7*h**2. What is the tens digit of l(-16)?
7
Let d(u) be the first derivative of -u**4/4 + 3*u**3 + 2*u**2 - 2*u + 115. What is the units digit of d(-3)?
4
What is the tens digit of -5 + 8/(-44) + (-238959)/(-33)?
3
What is the hundreds digit of -12*1 + 96174/18?
3
Suppose -5*q + 2*i = -201290 - 54046, -2*q + 102144 = -2*i. What is the thousands digit of q?
1
Suppose 0 = m + 2*b, 4*m + 16*b = 12*b - 4. Suppose -5*n = -2*n + 6, -4 = 3*w + 2*n. What is the units digit of (121/2 + w)/(m/(-4))?
1
Suppose 2*o - 108 = 5*o. Suppose 5*l + 2*v = -2284, 4*l + v = -3*v - 1832. What is the units digit of (18/o)/(2/l)?
4
Let l(c) = c**3 + 8*c**2 + 10*c - 30. Let z be l(7). Suppose z = 173*k - 168*k. What is the tens digit of k?
5
Let z(c) = 2*c**2 - 25*c + 16. Let d be z(13). Suppose 0 = -f + d - 40. What is the tens digit of 1 + 9/f - 32704/(-176)?
8
Let j = 48805 - 27173. What is the units digit of j?
2
Let a(g) = 783*g + 69. What is the units digit of a(5)?
4
Let a(m) = 4707*m**2 - 2*m + 2. What is the hundreds digit of a(1)?
7
Suppose -4*d + 102 + 34 = -b, 4*b = d - 19. Let g be 180/d*70/3. Let n = g - 64. What is the tens digit of n?
5
Suppose -j - 2*j - 80 = -5*u, -2*j + 10 = 0. What is the units digit of ((-192)/7)/(u/(-399))?
6
Let h be 2/(-4) + (-152030)/(-92). Let i = 2868 - h. What is the hundreds digit of i?
2
Let s = -26898 - -37194. What is the tens digit of s?
9
Suppose 2*q + 2*h = -h + 16, -3*h = 6. Let p(z) = 160*z + 72. Let j(m) = -29*m - 13. Let n(v) = -28*j(v) - 5*p(v). What is the units digit of n(q)?
6
Let d(o) = 16*o**3 - o**2 + 2*o - 1. Suppose -y = 0, 3*t - 50 = t + y. Suppose -t*h + 22*h = -6. What is the hundreds digit of d(h)?
1
Suppose -3*x + 798 = 3*a, 4*x - 134 = -a + 126. Suppose 37*h - a = 33*h. What is the tens digit of h?
6
Let b be 0/12 - -1*97. Let w = -113 + b. What is the units digit of 118 - 0 - (0 - w/4)?
4
Suppose 96*w - 98*w = 22. Let n = -8 - w. Suppose -2*d + 161 + 13 = 5*s, 0 = n*s. What is the tens digit of d?
8
Let g(r) = 1083*r + 619. What is the tens digit of g(9)?
6
Let j(d) = 8*d + 4*d - 5*d**2 + d**3 - 4*d**2. What is the hundreds digit of j(9)?
1
Suppose 14514*o = 14492*o + 28402. What is the units digit of o?
1
Suppose 0 = -l + 2*m + 10, l - 30 = -3*l - 2*m. Suppose -13*n - l = 5. What is the units digit of n/7 + (-255)/(-21)?
2
Let f(p) = p**3 + 101*p**2 - 1174*p + 188. What is the units digit of f(-110)?
8
Let r(k) be the second derivative of -10*k**3/3 - 3*k**2 - 6*k. Let s be r(-10). Suppose 8*o - s = 198. What is the units digit of o?
9
Suppose -5*i - 4*b = -35, 2*i + 4*b - 32 = -2*i. Let f(o) = 93*o**2 + 91*o - 3. What is the thousands digit of f(i)?
1
Let u(x) = 28*x - 2. Let m be u(1). Suppose 29*p - m*p = -42. What is the tens digit of (-90)/30 - p/(-4)*-22?
7
Suppose -d - y - 4 = 0, 0*y - 20 = -3*d + 5*y. Suppose -12*r + 14*r - 4*l = 164, d = -3*r + 3*l + 231. What is the units digit of r?
2
Suppose -3 = 9*h + 24. Let p be (76/h)/((-9)/54). Let m = 192 - p. What is the units digit of m?
0
Let o be (-11)/44 + 146/8. What is the units digit of 8/o + (-604544)/(-576)?
0
Let z = 101 - 284. Let m be z/(-18) - (-7)/(-42). Suppose 128 = 4*t - 2*k, 2*t - 64 = -4*k - m. What is the units digit of t?
1
Suppose 14*p - 9*p = -110. Suppose -2*u - 38 = -m - 5*u, 3*m + 3*u = 120. Let i = p + m. What is the units digit of i?
9
Suppose -84*c + 176*c - 16654 = 81*c. What is the hundreds digit of c?
5
Suppose -16579 - 110849 = -41*i. Let t = i - 1500. What is the tens digit of t?
0
Let n = -424 - -423. Let v be -2 - 3 - (1 + -4). What is the hundreds digit of (2850/12 - 4) + n/v?
2
Let i(t) = 10*t**2 + 4*t + 2. Let g be i(-5). Suppose -5*l - 29 + 24 = -5*q, -9*l + 12 = -2*q. Suppose -6*a + g = -l*a. What is the units digit of a?
8
Let v(r) = 2*r**3 + 12*r**2 + 24*r - 167. What is the tens digit of v(12)?
0
Let p be 3 + (67 - (0 - 0)). What is the units digit of (-10)/p - 2606/(-14)?
6
Suppose 5*o + 5 = 0, a + o + 0 = 4. Let q be (5/a)/(3/(-3)). What is the tens digit of -14 - -10 - 53/q?
4
Suppose 0 = -6*z + 7*z. What is the hundreds digit of (1 + 3)*(962/8 - z)?
4
Let o = -298 + 34. Let f = 147 - o. What is the units digit of f?
1
Suppose -8763*q + 52204 = -8759*q. What is the thousands digit of q?
3
Let s = -55 + 54. Let y be 2/(-1) + 43 + s. Suppose y = 17*f - 15*f. What is the tens digit of f?
2
Suppose -r - 4*t = 3*r - 9652, -4*t = r - 2404. Suppose 27*i = 23*i + r. What is the hundreds digit of i?
6
Suppose 0 = -2*y - 5*i + 229, 2*y - 245 - 19 = 2*i. Let f = -45 + y. Suppose -11*t = -13*t + f. What is the units digit of t?
1
Let n = 53233 + -29812. What is the units digit of n?
1
What is the thousands digit